culate the highest common divisor of 1776656 and 5088.
16
Calculate the highest common divisor of 541663 and 5411267.
5363
Calculate the highest common divisor of 54116 and 2864164.
332
What is the highest common factor of 52749 and 158575216?
5861
What is the greatest common divisor of 492945 and 100005?
885
Calculate the greatest common factor of 144916520 and 8560.
4280
What is the highest common divisor of 183286 and 3616?
226
Calculate the highest common factor of 656 and 33632464.
656
Calculate the greatest common factor of 2082 and 10887819.
1041
Calculate the highest common factor of 3526 and 2328106.
86
Calculate the greatest common factor of 1198324368 and 864.
432
Calculate the highest common factor of 1984 and 325292176.
496
Calculate the greatest common factor of 1624992 and 192.
96
What is the greatest common divisor of 66 and 1074833?
1
What is the highest common factor of 524 and 67632680?
524
What is the highest common divisor of 25 and 10630805?
5
Calculate the highest common factor of 203079 and 22101.
417
Calculate the highest common factor of 312032 and 5373.
199
What is the highest common divisor of 117046 and 23306?
86
What is the highest common divisor of 1104 and 6545156?
92
What is the highest common factor of 58 and 60131645?
29
What is the highest common divisor of 89 and 205060717?
89
Calculate the greatest common divisor of 4479308 and 166660.
2564
Calculate the highest common factor of 2411 and 242700904.
2411
What is the greatest common divisor of 3758316 and 5208?
372
Calculate the highest common divisor of 82560240 and 168.
168
Calculate the highest common divisor of 247 and 1054709.
19
What is the greatest common factor of 830685 and 35895?
15
Calculate the highest common factor of 2950808 and 238.
14
What is the greatest common factor of 78095 and 1565?
5
What is the highest common factor of 222394 and 108252?
62
Calculate the greatest common factor of 240028321 and 17.
17
What is the highest common factor of 932 and 48352?
4
What is the greatest common divisor of 47900 and 1228156?
1916
What is the greatest common factor of 2975 and 6499780?
595
Calculate the highest common factor of 10599235 and 2911.
71
What is the highest common factor of 1093462192 and 1698?
566
What is the highest common factor of 4706982 and 3582?
18
What is the greatest common factor of 1155394 and 333845?
2903
What is the greatest common divisor of 302147103 and 7242?
3621
What is the greatest common factor of 25 and 9200341?
1
Calculate the highest common factor of 529408770 and 30.
30
Calculate the highest common divisor of 18516454 and 626.
626
What is the greatest common factor of 88436205 and 5291?
143
Calculate the greatest common factor of 13440 and 264428160.
1920
Calculate the greatest common factor of 414589 and 34594.
49
What is the greatest common factor of 20174 and 2575067?
1441
What is the greatest common divisor of 10564 and 55237627?
139
Calculate the highest common divisor of 52 and 2410018.
26
What is the highest common factor of 186570137 and 382?
191
Calculate the greatest common divisor of 127116 and 6333972.
1284
What is the highest common divisor of 23004453 and 1335?
267
What is the highest common divisor of 128055 and 1725?
15
Calculate the highest common factor of 11674439 and 7.
7
What is the greatest common factor of 39580622 and 295?
59
What is the highest common factor of 23765434 and 154?
154
Calculate the highest common factor of 2691 and 354798.
207
What is the greatest common divisor of 41915 and 845?
5
Calculate the greatest common divisor of 727890 and 6726.
114
What is the greatest common factor of 15 and 77705097?
3
Calculate the highest common factor of 161951874 and 346.
346
Calculate the highest common divisor of 34888192 and 512.
512
What is the greatest common factor of 10346 and 4590668?
1478
Calculate the highest common factor of 10549 and 81543.
77
What is the greatest common divisor of 55234287 and 2034?
1017
What is the greatest common divisor of 36215 and 1030?
5
Calculate the highest common factor of 178574 and 10054.
22
Calculate the greatest common factor of 455 and 43681729.
91
What is the greatest common divisor of 2415560 and 1960?
280
What is the highest common factor of 97714036 and 2128?
532
Calculate the greatest common divisor of 240 and 6170000.
80
Calculate the greatest common divisor of 5982504 and 18920.
3784
Calculate the highest common factor of 2806032 and 1696.
848
What is the highest common factor of 30 and 41156280?
30
Calculate the greatest common divisor of 9351 and 1671751.
1039
What is the greatest common factor of 462147 and 878451?
1239
What is the highest common factor of 13162220 and 410?
10
What is the greatest common divisor of 44946249 and 651?
93
What is the highest common divisor of 304 and 919315?
19
What is the highest common divisor of 4426037 and 18095?
3619
Calculate the highest common divisor of 461312 and 30634.
1802
Calculate the greatest common divisor of 129633126 and 9996.
4998
What is the highest common factor of 35112 and 8634648?
264
What is the greatest common factor of 255 and 10046040?
15
Calculate the highest common factor of 6394 and 498456.
46
What is the highest common divisor of 179296 and 537056?
416
Calculate the highest common divisor of 7578229 and 217.
31
What is the greatest common divisor of 154266 and 4053?
21
What is the highest common divisor of 307730 and 40?
10
Calculate the greatest common divisor of 4129 and 196973945.
4129
What is the highest common divisor of 1312 and 6099242?
82
Calculate the highest common factor of 7400 and 29785.
185
Calculate the highest common factor of 18 and 28899009.
9
What is the highest common divisor of 153 and 6548961?
51
Calculate the highest common divisor of 32791 and 133061.
271
Calculate the highest common factor of 29177925 and 150.
75
What is the highest common factor of 1164 and 5298276?
12
Calculate the greatest common factor of 1755 and 360399.
39
What is the greatest common divisor of 71020 and 25409260?
1060
What is the highest common factor of 13817040 and 96?
48
What is the highest common divisor of 3975 and 62738220?
795
Calculate the highest common divisor of 8897 and 3141075.
217
Calculate the greatest common factor of 2235 and 189089940.
2235
Calculate the highest common factor of 8927 and 163963.
113
What is the highest common divisor of 8589855 and 240?
15
What is the highest common factor of 12915 and 420770?
35
What is the greatest common factor of 156404 and 3172?
244
What is the greatest common divisor of 1676420616 and 114?
114
Calculate the greatest common divisor of 641720 and 7625.
305
What is the highest common divisor of 100440 and 26242120?
1240
What is the greatest common divisor of 640185140 and 140?
140
What is the greatest common divisor of 1976112 and 12456?
72
What is the highest common divisor of 1036192 and 160?
32
What is the highest common factor of 7240206 and 2970?
6
What is the greatest common factor of 1127 and 6187?
23
Calculate the highest common divisor of 181092 and 276.
12
What is the greatest common factor of 29163521 and 5455?
1091
What is the highest common divisor of 774548678 and 106?
106
Calculate the greatest common divisor of 18021649 and 4624.
17
Calculate the greatest common divisor of 10360203 and 479794.
5579
What is the greatest common divisor of 1615968 and 2688?
96
Calculate the greatest common divisor of 924 and 2652132.
84
What is the highest common divisor of 5920 and 4137192?
296
What is the greatest common factor of 189176 and 12961?
13
Calculate the highest common factor of 144 and 5966208.
144
What is the highest common factor of 55185015 and 30?
15
Calculate the greatest common divisor of 222 and 20093294.
74
Calculate the highest common factor of 551 and 362993.
29
What is the greatest common factor of 345084 and 46706?
386
What is the greatest common factor of 48410 and 30950?
10
What is the greatest common factor of 398985 and 794?
397
What is the greatest common divisor of 2973231 and 45?
9
Calculate the highest common factor of 1150294 and 974.
974
What is the highest common divisor of 794 and 45837620?
794
Calculate the highest common divisor of 109510 and 571990.
470
Calculate the highest common divi